1724 + 400709 = 0. What is the thousands digit of y?
8
Let m(h) = 4*h**2 + 55*h - 6040. What is the hundreds digit of m(-116)?
4
Let t(n) = 19489*n**2 - 134*n - 131. What is the tens digit of t(-1)?
9
Let r = -16539 - -34307. What is the hundreds digit of r?
7
What is the units digit of (-15)/(-10)*((0 - 5) + 977)?
8
Let a be 8 + -2 + (6 - (4 - 0)). Let h(i) = 46*i + 5. What is the hundreds digit of h(a)?
3
Suppose 37*q - 258061 = 322173. What is the units digit of q?
2
Suppose 0 = 4*m + 1 - 21. Let i = m + -3. Suppose -i*n = -6*n + 20. What is the units digit of n?
5
Let z(q) = 41*q**2 + 297*q - 15. What is the hundreds digit of z(-21)?
8
Let x(b) = 2*b**3 + 47*b**2 + 21*b - 20. Let p be x(-23). Suppose -34*h + p*h + 4952 = 0. What is the hundreds digit of h?
6
Let a(s) = -s**3 - 14*s**2 + 31*s + 19. Let x be a(-13). What is the units digit of x/(-2) + 6/(-4)?
5
Let i(d) = -4*d**3 - 22*d**2 + 53*d + 38. What is the hundreds digit of i(-16)?
9
Let t = 241 - 234. What is the hundreds digit of 0 + (-2)/7 - (-1500)/t?
2
Let a(w) = w**3 + 14*w**2 + 14*w - 11. Let r(u) = 2*u**3 + 2*u + 1. Let p(l) = -a(l) - r(l). What is the hundreds digit of p(-8)?
7
Let q be 87 - (2 + 30/12*2). Let z = 0 - 0. Let f = q + z. What is the tens digit of f?
8
Let d(f) = -57*f**3 + 57*f**2 - 13*f - 35. What is the thousands digit of d(-6)?
4
Let f(w) = w. Let d(u) = -u**2 + 18*u. Let k(j) = d(j) - 4*f(j). Let z be (234/(-195))/((-3)/20). What is the tens digit of k(z)?
4
Suppose -2*i + 4*l + 16 = 0, l - 4*l = -i + 11. Suppose -i*d + 1 = 2*d + 3*r, 0 = 5*d + 3*r - 5. Let p(g) = 11*g - 4. What is the tens digit of p(d)?
4
Let s(q) = -3*q - 27. Let n be s(-7). Let m(y) = -y + 13. Let d be m(n). Let v(x) = x + 2. What is the tens digit of v(d)?
2
Let l = -12074 + 26235. What is the ten thousands digit of l?
1
Suppose -17*u = -598789 + 226030. Suppose -3216 + u = 11*c. What is the thousands digit of c?
1
Suppose 29873 + 7199 = 14*y. What is the tens digit of y?
4
What is the hundreds digit of (-1497)/2*12*14/(-252)?
4
Let d(a) = 53*a - 94. Let l be d(6). Let p = 413 - l. What is the tens digit of p?
8
Let x be 0/(14/(-10) + 6/(-10)). Suppose -4*h = -x*h + 68. What is the units digit of -1*(2 - -5)*h?
9
What is the tens digit of (405/(-9) - (-4 + -2))*-79?
8
What is the units digit of ((-27)/6 + 5)*4780*2?
0
Suppose 5*w - 1270 = 3*k, 2*w - 412 - 92 = 2*k. Suppose w + 898 = 3*f. What is the hundreds digit of f?
3
Let r(q) = -79*q - 6317. Let g be r(-80). Let c(t) = -t**2 - 3*t - 3. Let b be c(-2). What is the units digit of (g/((-6)/2))/(b/113)?
3
Suppose 0 = 20*q - 25*q + 10. Let p be 4/1 - (q + 553*-1). Suppose -p = -13*b + 10*b. What is the tens digit of b?
8
What is the units digit of 837/(-63) - -13 - (-99147)/21?
1
Let i(g) = g**3 + 9*g**2 + 4*g + 39. Let v be i(-9). Suppose -5*l + 2246 - 429 = 4*n, 1362 = v*n + 3*l. What is the hundreds digit of n?
4
Let y(q) = -2*q**2 + 13*q - 13. Suppose -9*f = -13*f + 20. Let r be y(f). Suppose -5*b = -r*v + 215, -v + 3*b - 4*b = -90. What is the tens digit of v?
9
What is the thousands digit of (1 - 20846/(-4)) + (-4)/(-40)*-5?
5
Let q(u) = u**2 - 3*u - 5. Let l be q(-2). Suppose 12 = 4*s + 3*i, -l*s - i - 12 = -4*i. What is the tens digit of (-1 - (s + -2))/((-1)/(-38))?
3
Let h = 864 + -860. Suppose -h*i - 2928 = -3*v, -v + 5*v - 4*i = 3904. What is the hundreds digit of v?
9
Suppose 183648 + 133877 = 65*n. What is the thousands digit of n?
4
Suppose -h - 8*h + 5139 = 0. Suppose 5*v - 2*s = h + 211, 0 = 2*v - 4*s - 316. Let o = v - 39. What is the hundreds digit of o?
1
Let y(f) = 205*f**2 + f. Suppose 9*o + 2 = 7*o. Let z be y(o). Suppose 0 = -2*t + 2*r - r + 138, -z = -3*t + 3*r. What is the units digit of t?
0
Let o(m) = -m**2 - 8*m + 39. Let c be o(-11). Suppose c*n - 3*n + 5*z = 540, 4*n - z - 743 = 0. What is the units digit of n?
5
Let b(m) = -100*m - 69. Let v be b(-6). Suppose -524*k = -v*k + 4186. What is the hundreds digit of k?
5
Let b(s) be the second derivative of 371*s**5/20 + s**4/3 - s**3/3 - s**2 - 25*s. What is the tens digit of b(1)?
7
Let i = -11 + 309. Suppose 8*q = 2*p + 6*q - 308, 2*p - i = -3*q. What is the tens digit of p?
5
Let h(z) = z**3 + 4*z - 24*z - 19 + 11*z**2 + 7*z**2. Let g be h(-19). Suppose g = 3*a - 46 - 17. What is the units digit of a?
1
Let i be (-2 - -2 - -2)/(65/(-12415)). What is the units digit of (69 - 60)/((-3)/i)?
6
Let o = 658 - 318. Let b = 690 - o. What is the hundreds digit of b?
3
Let q = 73 - 216. Let v = -119 - q. What is the units digit of v?
4
What is the tens digit of (10217 - -5) + -7 + 17?
3
Let r be (-8)/1*11/(-88). What is the tens digit of (-208335)/(-172) + r/(-4)?
1
Let d = 9624 + -3839. What is the hundreds digit of d?
7
Let f(w) be the third derivative of w**5/30 + 7*w**4/6 + 10*w**3/3 + 165*w**2. What is the tens digit of f(-18)?
6
Suppose 4*j - 5*i = -0*j - 7, -5*i = 4*j - 23. What is the tens digit of -3 + j - 1/((-1)/297)?
9
Let u(s) = 51*s - 36. Let o(b) = -7*b**3 - b**2. Let q be o(-1). What is the tens digit of u(q)?
7
Let k(y) = -19*y**3 + 2*y**2 - 5. Let f(q) = 56*q**3 - 6*q**2 + 14. Let r(g) = 4*f(g) + 11*k(g). Let j be r(-1). Let i = j + 66. What is the tens digit of i?
5
Suppose -502*a + 2*k + 6712 = -498*a, -2*k = 2*a - 3344. What is the units digit of a?
6
Let g = 62 - 31. Let q = g + 562. What is the units digit of q?
3
Let a(n) = 438*n - 1777. What is the tens digit of a(18)?
0
Let k be (-7)/(-3) + -3 - (-66)/18. Suppose 0 = -k*i + 4406 - 671. What is the units digit of i?
5
Suppose -6*g + 7763 = -1237. Suppose 134*v - g = 128*v. What is the tens digit of v?
5
Suppose -6*j + 20 = -16. Suppose -4*k = -5*k + 2*c + j, -3*c - 23 = -5*k. Suppose -k*h + 42 = -78. What is the tens digit of h?
3
Let n = 6 + -7. Suppose -3*r - 9 = t, -5*r - 17 + 2 = -3*t. What is the units digit of (t - 1) + (n - 10/(-2))?
3
Let p(s) = 5*s + 20. Let j be p(-4). Let x = 4 + j. Suppose -x*n + 155 = 63. What is the tens digit of n?
2
Let t = -164 - -169. Suppose 0 = -c - t*x + 249, -4*c + 1121 = -2*x - 3*x. What is the hundreds digit of c?
2
What is the tens digit of ((-168847)/(-20) - 2/(-5))*80/60?
5
Suppose 2*w = -2*w + 20, 3*z - 5*w - 155 = 0. Suppose 4*c = 5*o + 105, -2*o = 4*c + 2*o - z. What is the tens digit of c?
2
What is the hundreds digit of 14 + -20 + ((-5)/5 - -11645)?
6
Suppose -4 = -o, 4*d - 5*o - 63 = -11. Suppose d*n - 113 = 229. What is the tens digit of n?
1
Suppose 22*v = 83 - 83. Suppose 7*a = p + 4*a - 1161, v = a + 5. What is the hundreds digit of p?
1
Suppose -40527 - 5559 = -6*p. What is the hundreds digit of p?
6
Let y(f) = 5*f**2 + 2*f + 1. Let v be y(-1). Suppose 5*j - v = 6. Suppose j*l = 27 + 25. What is the tens digit of l?
2
Let a = -236 - -247. What is the units digit of (4 - 0)*1/(a/836)?
4
Let m be (-37709)/(-35) + -6 + 9/15. Let v = 1952 - m. What is the tens digit of v?
8
Let m(w) = 2*w**3 + 60*w**2 + 2. Let z be m(-30). Suppose -1116 + 232 = -z*c. What is the units digit of c?
2
Let d be (16 - 18)/((-2)/457). Suppose -d = -y + 3*h, 461 = y - 0*h - h. What is the tens digit of y?
6
What is the ten thousands digit of (202/6)/(10/12*15/10575)?
2
Let z = 9 - 15. Suppose -52*i + 46*i = -126. What is the tens digit of ((-40)/2)/(z/i)?
7
Suppose 3*d + 1 = 4*d + 4*t, -25 = -4*d + 5*t. Suppose 3*n - 703 - 984 = -d*x, 0 = 4*n + 4*x - 2236. What is the tens digit of n?
5
Suppose 1674 + 12002 = -s. What is the tens digit of -4 + (s/(-20) - (-8)/40)?
8
Let y = 3862 - 2513. What is the hundreds digit of y?
3
Suppose 12*h = 16*h - 8. Suppose -p = -2, h*w + 2*p + 68 = 6*w. What is the tens digit of (50/6)/(3/w)?
5
Let g(o) = -3494*o**3 + 2*o**2 - 19*o - 36. Let y be g(-2). What is the units digit of (-1 - 0)/(12 - y/2330)?
5
Let f = 26045 - 18284. What is the units digit of f?
1
Let a(i) = -i**3 + 31*i**2 + 4*i - 43. Let s(y) = y**3 - y - 4. Let v be s(-2). Let u be (-1694)/(-55) - 2/v. What is the tens digit of a(u)?
8
Let k = 627 - 623. Suppose -l - 8*o = -k*o - 454, l - 462 = 4*o. What is the tens digit of l?
5
Suppose 265*j - 1042578 - 8867694 = -1712232. What is the units digit of j?
6
Let m = -76 - -97. Suppose 3*t + 2554 = -m*a + 25*a, -t = -2. What is the hundreds digit of a?
6
Let h(n) = 5*n**2 + 8*n - 3. Let o(z) = z**3 + 16*z**2 + 25*z -